In base 14, what is 4 + 25a50?
25a54
In base 3, what is -11 + -2112111010?
-2112111021
In base 12, what is 693aa + 1?
693ab
In base 5, what is 31131 - -44?
31230
In base 10, what is -102 + 1594?
1492
In base 2, what is 11111 + -10011000010101?
-10010111110110
In base 3, what is 2222012121 + -111?
2222012010
In base 13, what is -5a43 + a?
-5a36
In base 3, what is 11 - -21102111?
21102122
In base 4, what is 3 - 311302213?
-311302210
In base 3, what is 210021220 - 21?
210021122
In base 16, what is -ef + 130f?
1220
In base 13, what is 7 + 198?
1a2
In base 11, what is 1 + -649219?
-649218
In base 3, what is -12200220 + -112?
-12201102
In base 7, what is -43 - 65610?
-65653
In base 5, what is 1210222 - -31?
1210303
In base 14, what is -5943 - -7?
-593a
In base 8, what is -77743 - -2?
-77741
In base 8, what is 2 + -16772?
-16770
In base 10, what is 14888 + -5?
14883
In base 14, what is 1ab82d + 6?
1ab835
In base 14, what is -9 - -136ab?
136a2
In base 14, what is -232c + -1?
-232d
In base 7, what is -60 - 2120?
-2210
In base 2, what is 1000100 + 1000000101101100?
1000000110110000
In base 12, what is -303 + -1a52?
-2155
In base 16, what is 2 - -34f6?
34f8
In base 9, what is 1404 + 45?
1450
In base 2, what is -10 + 1110010111000011?
1110010111000001
In base 14, what is 18557d - -1?
185580
In base 5, what is -3 - -31203?
31200
In base 5, what is 10444 - -11142?
22141
In base 16, what is 173f2 - -34?
17426
In base 9, what is 57 - 62766?
-62708
In base 12, what is 15b + 9a?
239
In base 5, what is -134031 - 234?
-134320
In base 12, what is 302 + 6396?
6698
In base 3, what is -12120111 - -22?
-12120012
In base 11, what is -5 - 5964?
-5969
In base 13, what is -19041 - 49?
-1908a
In base 15, what is -3 - 63e5?
-63e8
In base 16, what is 308 + 47?
34f
In base 15, what is 1b + -d87?
-d6b
In base 8, what is 16 + -2550?
-2532
In base 10, what is -33 - -441?
408
In base 16, what is c1ff + -1?
c1fe
In base 3, what is 11 + -2222120122?
-2222120111
In base 9, what is 3473 - 3?
3470
In base 6, what is 1420434 + 0?
1420434
In base 7, what is 103660 - 5?
103652
In base 4, what is 3311 - -23301?
33212
In base 10, what is -240 - 1373?
-1613
In base 15, what is 4 + 4dbc?
4dc1
In base 10, what is -2458 - -9?
-2449
In base 12, what is 86 - -4a?
114
In base 10, what is -5 - 241811?
-241816
In base 9, what is 3 + -80423?
-80420
In base 15, what is 1 - 1d6d?
-1d6c
In base 9, what is 668 - 147?
521
In base 8, what is -11 + -20235?
-20246
In base 11, what is 1 - 3623?
-3622
In base 11, what is 29a1 - 27?
2975
In base 4, what is 203010 - -12220?
221230
In base 13, what is -461 - c8?
-559
In base 16, what is -47 - 1a59?
-1aa0
In base 14, what is 46206 - 2?
46204
In base 8, what is 371614 - -1?
371615
In base 14, what is -7 - 8c4b?
-8c54
In base 15, what is 54 + 29eb?
2a50
In base 8, what is 17 + 2151?
2170
In base 11, what is -532 + 46?
-497
In base 4, what is 20112 - 1011?
13101
In base 5, what is 11234044 + -14?
11234030
In base 3, what is -10 + -2221111?
-2221121
In base 16, what is 0 - -6a663?
6a663
In base 4, what is 2220022122 + -3?
2220022113
In base 16, what is 9b2f - -12?
9b41
In base 7, what is 224 - 243?
-16
In base 16, what is 7e9e - 3?
7e9b
In base 3, what is -1021200 - -2112120?
1020220
In base 5, what is 304 + 4134232?
4140041
In base 3, what is 11122002002022 - 2?
11122002002020
In base 14, what is -3 - b1b9?
-b1bc
In base 14, what is -3c8 + 2d?
-399
In base 14, what is -cb60 + -1b?
-cb7b
In base 13, what is -97a8 + 0?
-97a8
In base 10, what is 34 - 89?
-55
In base 9, what is -37 - -1386?
1348
In base 11, what is -21 + 131954?
131933
In base 13, what is -4718b - -2b?
-47160
In base 8, what is 212533 - -4?
212537
In base 4, what is 2 - 1312200232?
-1312200230
In base 3, what is 12 - 220100020111?
-220100020022
In base 5, what is -133031333 + -2?
-133031340
In base 15, what is 407547 + 3?
40754a
In base 5, what is 241432 + -30?
241402
In base 10, what is 96 + 5059?
5155
In base 12, what is -31 - -332?
301
In base 16, what is 75a + 9?
763
In base 14, what is 5 - -2082?
2087
In base 2, what is -10101010101111 + 100?
-10101010101011
In base 10, what is -23 + -18075?
-18098
In base 10, what is -71552 + 1?
-71551
In base 12, what is -18141 + -3?
-18144
In base 11, what is a - -4523?
4532
In base 15, what is -24 + -8b?
-b0
In base 4, what is 30123 + 1021?
31210
In base 10, what is -2 - 25749?
-25751
In base 15, what is 8438e5 + 3?
8438e8
In base 10, what is -16 + -66329?
-66345
In base 12, what is b7a5 + 6?
b7ab
In base 10, what is -4 - 29012?
-29016
In base 9, what is 1 + -12333?
-12332
In base 6, what is 5 + -1052213?
-1052204
In base 9, what is -800 + 18?
-771
In base 5, what is 112 + -21304?
-21142
In base 5, what is -214343 - 14?
-214412
In base 4, what is -11 - -21112100?
21112023
In base 12, what is 1a + -2487?
-2469
In base 12, what is -138 - 389?
-505
In base 7, what is -536421 - 0?
-536421
In base 11, what is -17 + 3a73?
3a57
In base 5, what is 10 - -10300233?
10300243
In base 2, what is -1110111000 - 101?
-1110111101
In base 7, what is -5112 - 152?
-5264
In base 12, what is 1a44 - -3?
1a47
In base 12, what is 2317 + 20?
2337
In base 14, what is -84 + -26a?
-310
In base 2, what is 100 - 100011110101110?
-100011110101010
In base 11, what is -5 + 6449?
6444
In base 5, what is -20313031 + -13?
-20313044
In base 5, what is -11222 - 322?
-12044
In base 8, what is -164261 + -4?
-164265
In base 3, what is -12 - 1021211020?
-1021211102
In base 4, what is -13003012112 - 10?
-13003012122
In base 7, what is -26155 + 6?
-26146
In base 5, what is -124324 + -2?
-124331
In base 14, what is -20a69 - -7?
-20a62
In base 5, what is 12 + -34434322?
-34434310
In base 4, what is 2 + -222022212?
-222022210
In base 9, what is 34 + 118233?
118267
In base 3, what is 0 + -202022201122?
-202022201122
In base 11, what is -25348 - 4?
-25351
In base 13, what is 1 + 34750?
34751
In base 10, what is -17 + 7136?
7119
In base 5, what is -2130324 + 10?
-2130314
In base 11, what is -7424a - -3?
-74247
In base 15, what is 75dd - 7?
75d6
In base 4, what is -13032 + 222?
-12210
In base 2, what is -111111010110 + 10000?
-111111000110
In base 2, what is -1000010000010111 + 101?
-1000010000010010
In base 16, what is -2b - -15b4?
1589
In base 16, what is -2f1ad + 5?
-2f1a8
In base 16, what is 2 - 12121?
-1211f
In base 13, what is -10b + 23?
-b8
In base 14, what is 81 + 29?
aa
In base 6, what is 513 - 33301?
-32344
In base 10, what is 51 - -11954?
12005
In base 16, what is -9 - 356eb?
-356f4
In base 2, what is -1110110010111011 + 11?
-1110110010111000
In base 16, what is 4f9 + -3e?
4bb
In base 13, what is -6 - -242719?
242713
In base 6, what is 104 - -3233?
3341
In base 13, what is 22 + -832b?
-8309
In base 4, what is 1200210020 - 0?
1200210020
In base 15, what is c5 + -45?
80
In base 2, what is -11 - -10000111001000?
10000111000101
In base 9, what is -5 + -1331775?
-1331781
In base 4, what is -132011031 + -110?
-132011201
In base 6, what is 30014001 + 3?
30014004
In base 9, what is -157 + 640?
472
In base 15, what is -22 - 33a?
-35c
In base 16, what is 4 + 2bf2?
2bf6
In base 6, what is -223 + -5302?
-5525
In base 13, what is -74 - -2?
-72
In base 10, what is -3355 - -7?
-3348
In base 11, what is -a73a - 177?
-a906
In base 12, what is -37 - 2a2?
-319
In base 8, what is -2725361 + 5?
-2725354
In base 16, what is 18 + 1b60?
1b78
In base 14, what is 22873 - -4?
22877
In base 4, what is -1320 - -2123?
203
In base 13, what is 19 - 91a1?
-9185
In base 10, what is 49 + -7?
42
In base 6, what is -25143 - 32?
-25215
In base 12, what is -3b5642 - -4?
-3b563a
In base 5, what is -4 + 4140000?
4134441
In base 14, what is 28 + 2756a?
27594
In base 5, what is -31044 - 4?
-31103
In base 14, what is -1577 + 62?
-1515
In base 3, what is 111 + -101202212101?
-101202211220
In base 6, what is -5 + -5231?
-5240
In base 14, what is 69 + 420?
489
In base 8, what is 3 - -730444?
730447
In base 10, what is -1172 + 107?
-1065
In base 8, what is -3 + 5050702?
5050677
In base 14, what is 1 + 17a7b?
17a7c
In base 4, what is 3201 - -312211?
322012
In base 4, what is -1013232 - -1?
-1013231
In base 5, what is 0 - 3340133?
-3340133
In base 7, what is 403541 - 2?
403536
In base 14, what is -1c17b + 1?
-1c17a
In base 15, what is -2 - 4dae?